m*h + 2 + 2 + 4 - y. Determine c(6).
-20
Let y(h) = -59 - 199*h + 49*h + 79*h + 79*h. Give y(7).
-3
Let q = 65 + -63. Let g(y) = 2*y**3 - 3*y + y - 2 + 9*y**q - y**3 - 6*y**2. Suppose 0 = -4*n - 4*k + 28, -2*n = -3*n + 4*k - 18. Give g(n).
14
Let u(r) = -r**3 - 9*r**2 + 7*r - 8. Suppose 4*d - 46 = 5*o - 71, -5*o = -3*d - 15. Determine u(d).
22
Let p = -10 - -28. Let u = p + -13. Let l(n) be the second derivative of -n**5/20 + 5*n**4/12 - n**3/3 + 3*n**2/2 + 27*n - 1. What is l(u)?
-7
Suppose -4 = -3*t + 4*i, 3*t - 176 = -2*i - 196. Let z(v) = -v**2 + 5*v + 37. Calculate z(t).
1
Let h be 54/(-8) - (-39)/52. Suppose 40 = -5*q + 2*g, -q - 19 = -2*q - 5*g. Let m(s) = s + 6. Let w(u) = -u - 6. Let o(a) = q*m(a) - 7*w(a). Determine o(h).
0
Suppose 63873 = -6*w + 63825. Let j(i) = -i**2 - 3*i + 8. Give j(w).
-32
Let u(m) = 47*m**2 - 4*m + 8. Let v(n) = 2*n**2 + 4*n + 8. Let o(p) = u(p) - 3*v(p). Give o(-1).
41
Let u(h) be the second derivative of h**5/20 - 5*h**4/4 + 29*h**3/6 - 33*h**2/2 - 19*h - 18. Determine u(13).
6
Let z be 6/(-16) + 160/(-256). Let w(l) = -19*l**3 + 5*l**2 + 5*l + 3. Let s(t) = t**3 - t**2 - t - 1. Let m(h) = z*w(h) - 4*s(h). Determine m(1).
14
Let x(z) = z**2 - 3. Let v(q) = q**2 + 7*q - 4. Let k(m) = -m**2 - 2*m + 8. Let t be k(3). Let s be v(t). Let h be 1 - (-8)/(8/s). Determine x(h).
6
Let c be (-14)/49 + 69/21. Let x(h) = 9 - c - 5 - 6 - h. What is x(-8)?
3
Let z(r) be the third derivative of -r**5/120 - r**4/12 - 127*r**3/6 - r**2 + 1. Let t(y) be the first derivative of z(y). What is t(-7)?
5
Let w(t) = -589*t**2 + 1158*t**2 + 5 + 6*t - 572*t**2. What is w(-3)?
-40
Suppose -42 = 5*f + 18. Let d(h) = -330*h**2 - 14*h + 288*h**2 - 13 + 41*h**2. What is d(f)?
11
Let t(a) = a**3 + 14*a**2 - 34*a - 30. Let i be t(-16). Let u(z) = 5 - i*z - 13 + 7*z - 9*z + 3*z. Calculate u(-4).
-4
Let w(q) = -316*q + 2. Let t(a) = -146*a + 1. Let y(o) = 11*t(o) - 5*w(o). Determine y(0).
1
Let d(r) be the second derivative of 1/3*r**3 + 3*r + 0 + 0*r**2. Suppose 25*n + 8 = -92. What is d(n)?
-8
Let q(u) = 2*u**3 - 2*u**2 + 3*u - 3. Let s be 3/(-15) - 741/95. Let y be (-62)/6 + 2/6. Let n = s - y. Calculate q(n).
11
Let l(m) = -3*m**2 + 12*m + 9. Let f(j) = j**2 - 6*j - 4. Let c(i) = 5*f(i) + 2*l(i). Suppose 0 = 23*p - 15*p. Suppose 12*q - 32 + 80 = p. Calculate c(q).
6
Suppose 841 = 31*b - 58. Let o(h) = h**3 - 30*h**2 + 30*h + 11. Calculate o(b).
40
Let j(l) = -l**3 + 9*l**2 - 33*l + 130. Let k = -12791 + 12798. Calculate j(k).
-3
Let v be 5 + -13 - -7 - (0 + -2). Let i(q) = -49*q + 1. Give i(v).
-48
Let k(h) = 2*h**2 - h**3 - 157 - 4*h - 315 + 475. Give k(2).
-5
Let u(b) = b**2 + 20*b - 5. Let q(g) = -g**3 + 23*g**2 - 15*g - 585. Let w be q(21). Give u(w).
-41
Let m(u) = -2*u**3 - 23*u**2 - 15*u - 44. Let n be -173 - -169 - 1/2*14. What is m(n)?
0
Let g(s) = -6 + 9*s + 17 + 6*s**3 - 5*s**3 - 3 + 3*s + 13*s**2. Give g(-12).
8
Suppose -l = -3*t + 1, 0 = -5*l - 2*t + 9 + 3. Suppose 0 = -11*a + l*a + 90. Let k(m) = 1 - a*m + 11*m + 0. Give k(-3).
-2
Let c(r) be the first derivative of r**4/4 + 26*r**3/3 + 153*r**2/2 + 11*r - 3076. Give c(-17).
11
Let b(v) = 114*v**2 + 0*v + 10 + 6*v - 109*v**2. Suppose 8*n + 42 = 2. Let x(j) = -4*j**2 - 5*j - 9. Let y(o) = n*b(o) - 6*x(o). Calculate y(-4).
-12
Let d(n) be the first derivative of -5/3*n**3 - n - 3*n**2 - 1/4*n**4 - 13. Calculate d(-4).
7
Let s(l) be the second derivative of -l**4/12 + 3*l**3 - 7*l**2/2 + 2*l + 49. Determine s(0).
-7
Let o(l) = 1 - 18*l - 3 - l**3 - l**3 + 19*l + l**2. Let b = 18116 + -18114. Determine o(b).
-12
Let s = -96 - 44. Let d = s + 147. Let q(x) = -2 - 3*x - x**3 + d + 101*x**2 - 108*x**2. Calculate q(-6).
-13
Let k be (-2)/(4/(-10)) - (78 + -74). Let u(d) = -14 - 5*d + 22 - k + d. What is u(5)?
-13
Let p(t) = -2*t**2 - 33*t + 2. Let d(z) = 7*z**2 + 109*z + 5. Let q(a) = -d(a) - 3*p(a). What is q(-9)?
-2
Let o(i) = 316*i + 952. Let m be o(-3). Let z(w) = 5*w**2 - 21*w + 3. Give z(m).
-1
Let l(g) = g**2 - 40*g - 79. Let o(d) = -d**2 + 78*d + 3421. Let z be o(-31). Give l(z).
5
Let j(c) = -c + 3*c + 20*c. Let w(x) = 4*x**2 + 1 - 22*x + 19*x - 3*x**2 - 10. Let g be w(5). Calculate j(g).
22
Let o(x) be the first derivative of -2*x**3/3 + 17*x**2/2 + 9*x - 282. What is o(9)?
0
Let u(j) = j - 16. Let l = 289 + -294. Let a be 0/1 + -1 - (-7 + l). Give u(a).
-5
Suppose -n + 28 = -4*h, 6*n - 2*n + 4*h = 172. Let q = n + -40. Let d(o) = -5*o - 2 + q + 6 + 1. What is d(4)?
-15
Let m be (1 - 0)*(-2 + 0). Let y(j) be the first derivative of 9*j**2/2 + 7485. Give y(m).
-18
Let k be -2*(-1)/(-3)*9. Let r(c) = 6211 - 6214 - c**3 - 2*c + 8*c**2 - 14*c**2. What is r(k)?
9
Let u = -4070 - -4086. Let k(j) = 2*j**2 - 30*j - 30. What is k(u)?
2
Let u(l) = -6*l + 40. Let t be u(0). Let o(z) = -18*z**2 - t + z**3 + 6*z + 9*z**2 + 46. Suppose -s = 5*p + s - 44, 4*p - 5*s = 22. Determine o(p).
-10
Let r(j) = 958 - 1895 + 947 + 4*j. Give r(-13).
-42
Let k(a) = a - 7. Let z(w) = w**2 - 17*w - 60. Let j = 253 + -233. Let f be z(j). Calculate k(f).
-7
Let y(o) be the first derivative of 5*o**2/2 + 20*o + 5406. Calculate y(8).
60
Let z be 1/3 - 2/6. Let k(r) = 1391*r + 11. Let q(c) = 232*c. Let m(i) = k(i) - 6*q(i). Calculate m(z).
11
Let m(i) be the third derivative of i**7/1680 - i**6/45 - 49*i**5/60 - i**2 + 51. Let p(o) be the third derivative of m(o). Give p(3).
-7
Suppose 0 = -4*m + 2*w, m - 2*w = -m - 2. Suppose -2*v + 9 = m. Let p(u) = -u**2 + 5*u + 1. Give p(v).
5
Let k(p) = p**3 + 13*p**2 + 14*p + 26. Suppose 0 = 3*g - 4*g + 65 - 77. What is k(g)?
2
Let p = -25 + 20. Let g(z) = 2*z - 25*z**2 - 12*z**2 + 0*z + 38*z**2 + 5. Give g(p).
20
Let q(f) = -9*f - 350. Suppose 147*u + 2889 = -2697. Give q(u).
-8
Let d(z) be the second derivative of -z**4/4 - 5*z**3/6 - 37*z + 2. Give d(-4).
-28
Let z(m) = -m - 2 + 1175*m**2 - 1172*m**2 + 6 + 2*m**3 - 1. Give z(-4).
-73
Let n = 6184 - 6181. Let x(p) be the second derivative of -1/6*p**3 - 9*p - n*p**2 + 0. Determine x(-6).
0
Let c(a) = a**2 + 186*a - 1954. Let b be c(10). Let h(x) = -x**3 + 3*x**2 + x + 9. What is h(b)?
-93
Let b(n) = -32*n - 7*n**2 + 113*n**3 + 24*n - 1 - 2 - 111*n**3 + 16*n**2. Calculate b(-6).
-63
Suppose -5*n + 16 = -3*n. Let g(c) = -55 + 5*c**2 + 16 + 11 + 9*c + 17 - 6*c**2. Determine g(n).
-3
Let z = -9231 - -9229. Let c(k) = -56*k - 6. Give c(z).
106
Let b(p) = p**2 + 2*p - 1. Let j be ((-72)/(-16))/(3/4). Let r(y) = -6*y + 34. Let c be r(j). Calculate b(c).
-1
Let x(i) = 3*i**3 - 11*i**2 - 13*i - 1. Let q(d) be the second derivative of -d**5/20 + d**4/2 + d**3 + 2*d + 64. Let r(u) = 5*q(u) + 2*x(u). Calculate r(-7).
19
Let v(y) = -21 + 74*y + 102*y - 180*y. Determine v(-4).
-5
Suppose -8*f = -2*a - 5*f - 15, -4*a + f - 5 = 0. Let t(y) = -12 + 0 + 9 + 9*y + a*y**2 - y**2. Suppose 27 - 3 = 3*o. What is t(o)?
5
Let l(b) = -1885 + 946 - 5*b**2 + 945 - 3*b - b**3. Suppose 0*t + 2 = 2*t. Let o be (-2)/t*5/2. Determine l(o).
21
Let l(g) = -9*g + 780 - 780 - 17*g - 18*g. Determine l(-1).
44
Let y(p) = -21 + 17 + 10 - 3*p + 8. Give y(12).
-22
Let v(g) be the third derivative of -g**4/2 + g**3/3 - g**2 - 854*g. What is v(-3)?
38
Let x = -46 + 39. Let t(a) = 4*a**2 + 0*a - 6 - 6*a - 5*a**2. Determine t(x).
-13
Suppose -2*l - 5*a - 23 = 0, 3*l + 45 = -a + 4*a. Suppose 21*i + 164 = -4. Let w be (7 - (-21)/(-6))*i/l. Let u(f) = -2*f**2 + f + 2. Give u(w).
-4
Let z(j) = 8*j - 15. Let t(o) = -13*o + 25. Let d(n) = 14*n - 26. Let w(l) = -6*d(l) - 5*t(l). Let x(v) = 2*w(v) + 5*z(v). Calculate x(8).
3
Let w be 668/501*27/(-4). Let y(n) = -n**2. Let f(d) = -6*d**2 - 11*d - 2. Let v(h) = f(h) - 5*y(h). Give v(w).
16
Let w(y) = -5*y**3 + 92*y**2 + 56*y + 13. Suppose 202*x - 200*x - 3*u = 44, 25*u + 88 = 2*x. Calculate w(x).
-6
Let a = 249 + -343. Let c = a + 102. Let s(v) be the third derivative of -v**4/24 + 3*v**3/2 + 5*v**2. Give s(c).
1
Let l(w) be the first derivative of -w**5/60 - 3*w**4/8 - w**3/3 - 139*w**2/2 + 186. Let j(m) be the second derivative of l(m). What is j(-6)?
16
Let j(v) = v**3 - 46*v**2 - v + 45. Let o be j(46). Let h(q) be the second derivative of -19*q**3/3 + q**2/2 - 44*q. What is h(o)?
39
Let m(o) = 15*o - 56. Suppose -v + 0*a - 1 = -5*a, -3 = -3*a. Give m(v).
4
Suppose 5*g = 4*p - 9*p + 25, -14 = -3*g - 2*p. Suppose 